{"id":749,"date":"2022-03-28T14:30:42","date_gmt":"2022-03-28T12:30:42","guid":{"rendered":"https:\/\/www.mayr-daniel.it\/impressum\/"},"modified":"2022-03-28T15:47:50","modified_gmt":"2022-03-28T13:47:50","slug":"impressum","status":"publish","type":"page","link":"https:\/\/www.mayr-daniel.it\/it\/impressum\/","title":{"rendered":"Impressum"},"content":{"rendered":"\t\t<div data-elementor-type=\"wp-page\" data-elementor-id=\"749\" class=\"elementor elementor-749\">\n\t\t\t\t\t\t<section class=\"elementor-section elementor-top-section elementor-element elementor-element-6dd505c7 elementor-section-boxed elementor-section-height-default elementor-section-height-default\" data-id=\"6dd505c7\" data-element_type=\"section\" data-settings=\"{&quot;jet_parallax_layout_list&quot;:[{&quot;jet_parallax_layout_image&quot;:{&quot;url&quot;:&quot;&quot;,&quot;id&quot;:&quot;&quot;,&quot;size&quot;:&quot;&quot;},&quot;_id&quot;:&quot;e481569&quot;,&quot;jet_parallax_layout_speed&quot;:{&quot;unit&quot;:&quot;%&quot;,&quot;size&quot;:&quot;50&quot;,&quot;sizes&quot;:[]},&quot;jet_parallax_layout_bg_x&quot;:&quot;50&quot;,&quot;jet_parallax_layout_bg_y&quot;:&quot;50&quot;,&quot;jet_parallax_layout_image_tablet&quot;:{&quot;url&quot;:&quot;&quot;,&quot;id&quot;:&quot;&quot;,&quot;size&quot;:&quot;&quot;},&quot;jet_parallax_layout_image_mobile&quot;:{&quot;url&quot;:&quot;&quot;,&quot;id&quot;:&quot;&quot;,&quot;size&quot;:&quot;&quot;},&quot;jet_parallax_layout_type&quot;:&quot;scroll&quot;,&quot;jet_parallax_layout_direction&quot;:&quot;1&quot;,&quot;jet_parallax_layout_fx_direction&quot;:null,&quot;jet_parallax_layout_z_index&quot;:&quot;&quot;,&quot;jet_parallax_layout_bg_x_tablet&quot;:&quot;&quot;,&quot;jet_parallax_layout_bg_x_mobile&quot;:&quot;&quot;,&quot;jet_parallax_layout_bg_y_tablet&quot;:&quot;&quot;,&quot;jet_parallax_layout_bg_y_mobile&quot;:&quot;&quot;,&quot;jet_parallax_layout_bg_size&quot;:&quot;auto&quot;,&quot;jet_parallax_layout_bg_size_tablet&quot;:&quot;&quot;,&quot;jet_parallax_layout_bg_size_mobile&quot;:&quot;&quot;,&quot;jet_parallax_layout_animation_prop&quot;:&quot;transform&quot;,&quot;jet_parallax_layout_on&quot;:[&quot;desktop&quot;,&quot;tablet&quot;]}]}\">\n\t\t\t\t\t\t<div class=\"elementor-container elementor-column-gap-no\">\n\t\t\t\t\t<div class=\"elementor-column elementor-col-100 elementor-top-column elementor-element elementor-element-2fc5b559\" data-id=\"2fc5b559\" data-element_type=\"column\">\n\t\t\t<div class=\"elementor-widget-wrap elementor-element-populated\">\n\t\t\t\t\t\t<div class=\"elementor-element elementor-element-27af076f elementor-widget elementor-widget-heading\" data-id=\"27af076f\" data-element_type=\"widget\" data-widget_type=\"heading.default\">\n\t\t\t\t<div class=\"elementor-widget-container\">\n\t\t\t\t\t<h2 class=\"elementor-heading-title elementor-size-default\">Impressum<\/h2>\t\t\t\t<\/div>\n\t\t\t\t<\/div>\n\t\t\t\t<div class=\"elementor-element elementor-element-377ac0a5 elementor-widget elementor-widget-text-editor\" data-id=\"377ac0a5\" data-element_type=\"widget\" data-widget_type=\"text-editor.default\">\n\t\t\t\t<div class=\"elementor-widget-container\">\n\t\t\t\t\t\t\t\t\t<p><strong>Proprietario e responsabile per il contenuto:<br \/><\/strong>Mayr Daniel &amp; Co.snc<br \/>Zona Artigianale 25, 39039 Villabassa<br \/>Handy: +39 348 3547694<br \/><a href=\"&#x6d;&#x61;&#105;l&#x74;&#x6f;&#58;in&#x66;&#x6f;&#64;m&#x61;&#x79;&#114;&#45;d&#x61;&#x6e;&#105;e&#x6c;&#x2e;&#105;&#116;\">&#105;&#x6e;&#102;&#x6f;&#64;&#x6d;&#97;&#x79;&#114;&#x2d;&#100;&#x61;&#110;&#x69;&#101;&#x6c;&#46;&#x69;&#116;<\/a><br \/><a href=\"https:\/\/www.mayr-daniel.it\">www.mayr-daniel.it<\/a><\/p><p>Part.IVA: + Cod.Fisc.: 00739000214<br \/>PEC: <a href=\"&#109;&#x61;&#x69;l&#116;&#x6f;&#x3a;m&#97;&#x79;r&#46;&#x64;&#x61;n&#105;&#x65;l&#64;&#x70;&#x65;c&#46;&#x69;&#x74;\">mayr&#46;dan&#105;&#101;&#108;&#64;&#112;&#101;&#99;&#46;&#105;&#116;<\/a><br \/>Codice destinatario:: RWDS1D5<\/p><p><strong>Materiale fotografico:<\/strong><br \/>Archiv Daniel Mayr, MEZ-Keramik<\/p><p><strong>Avviso di responsabilit\u00e0:<\/strong><br \/>I marchi e le societ\u00e0 citate su questo sito sono di propriet\u00e0 del apposito titolare.<br \/>Nonostante l\u2019attento controllo dei contenuti, non assumiamo nessuna responsabilit\u00e0 per i contenuti relativi a link esterni. Sono responsabili per il contenuto delle pagine collegate esclusivamente i gestori delle pagine stesse.<\/p>\t\t\t\t\t\t\t\t<\/div>\n\t\t\t\t<\/div>\n\t\t\t\t<div class=\"elementor-element elementor-element-5f2ccc9 elementor-widget elementor-widget-text-editor\" data-id=\"5f2ccc9\" data-element_type=\"widget\" data-widget_type=\"text-editor.default\">\n\t\t\t\t<div class=\"elementor-widget-container\">\n\t\t\t\t\t\t\t\t\t<p><strong>Realizzazione, Concetto &amp; Design:<br \/><\/strong>Fuchsdesign<br \/>Via Dolomiti 25a, 39034 Dobbiaco<br \/>Alto Adige \u2013 Italia<br \/>Tel +39 0474 979 048<br \/><a href=\"&#x6d;&#x61;&#x69;&#x6c;&#x74;&#x6f;&#x3a;&#x69;&#x6e;&#x66;&#x6f;&#x40;&#x66;&#x75;&#99;&#104;&#115;&#100;&#101;&#115;&#105;&#103;&#110;&#46;&#105;t\">&#x69;&#x6e;&#x66;&#x6f;&#x40;&#x66;&#x75;&#x63;&#x68;&#x73;&#x64;&#x65;&#x73;&#x69;&#x67;&#x6e;&#x2e;&#x69;&#x74;<\/a><br \/><a class=\"external-link-new-window\" title=\"Opens external link in new window\" href=\"http:\/\/www.fuchsdesign.it\/\" target=\"_blank\" rel=\"noopener noreferrer\">www.fuchsdesign.it<\/a><\/p><p><strong>Informazione obbligatoria ai sensi del Regolamento UE n. 524\/2016 del Parlamento europeo e del Consiglio<\/strong><br \/>Piattaforma per la risoluzione delle controversie online dei consumatori (ODR) della Commissione europea:\u00a0<br \/><a href=\"https:\/\/ec.europa.eu\/consumers\/odr\/\" target=\"_blank\" rel=\"noopener noreferrer\">https:\/\/ec.europa.eu\/consumers\/odr\/<\/a><\/p>\t\t\t\t\t\t\t\t<\/div>\n\t\t\t\t<\/div>\n\t\t\t\t\t<\/div>\n\t\t<\/div>\n\t\t\t\t\t<\/div>\n\t\t<\/section>\n\t\t\t\t<\/div>\n\t\t","protected":false},"excerpt":{"rendered":"<p>Impressum Proprietario e responsabile per il contenuto:Mayr Daniel &amp; Co.sncZona Artigianale 25, 39039 VillabassaHandy: +39 348 3547694i&#110;&#x66;&#x6f;&#x40;m&#97;&#x79;&#x72;&#x2d;d&#97;&#x6e;&#x69;&#x65;l&#46;&#x69;&#x74;www.mayr-daniel.it Part.IVA: + Cod.Fisc.: 00739000214PEC: &#x6d;&#x61;&#121;r&#x2e;&#x64;&#97;ni&#x65;&#x6c;&#64;p&#x65;&#x63;&#46;&#105;tCodice destinatario:: RWDS1D5 Materiale fotografico:Archiv Daniel Mayr, MEZ-Keramik Avviso di responsabilit\u00e0:I marchi e le societ\u00e0 citate su questo sito sono di propriet\u00e0 del apposito titolare.Nonostante l\u2019attento controllo dei contenuti, non assumiamo nessuna responsabilit\u00e0 per [&hellip;]<\/p>\n","protected":false},"author":1,"featured_media":0,"parent":0,"menu_order":0,"comment_status":"closed","ping_status":"closed","template":"full-width.php","meta":{"_acf_changed":false,"footnotes":""},"class_list":["post-749","page","type-page","status-publish","hentry"],"acf":[],"_links":{"self":[{"href":"https:\/\/www.mayr-daniel.it\/it\/wp-json\/wp\/v2\/pages\/749","targetHints":{"allow":["GET"]}}],"collection":[{"href":"https:\/\/www.mayr-daniel.it\/it\/wp-json\/wp\/v2\/pages"}],"about":[{"href":"https:\/\/www.mayr-daniel.it\/it\/wp-json\/wp\/v2\/types\/page"}],"author":[{"embeddable":true,"href":"https:\/\/www.mayr-daniel.it\/it\/wp-json\/wp\/v2\/users\/1"}],"replies":[{"embeddable":true,"href":"https:\/\/www.mayr-daniel.it\/it\/wp-json\/wp\/v2\/comments?post=749"}],"version-history":[{"count":0,"href":"https:\/\/www.mayr-daniel.it\/it\/wp-json\/wp\/v2\/pages\/749\/revisions"}],"wp:attachment":[{"href":"https:\/\/www.mayr-daniel.it\/it\/wp-json\/wp\/v2\/media?parent=749"}],"curies":[{"name":"wp","href":"https:\/\/api.w.org\/{rel}","templated":true}]}}

<div data-elementor-type="wp-page" data-elementor-id="749" class="elementor elementor-749">
						<section class="elementor-section elementor-top-section elementor-element elementor-element-6dd505c7 elementor-section-boxed elementor-section-height-default elementor-section-height-default" data-id="6dd505c7" data-element_type="section" data-settings="{&quot;jet_parallax_layout_list&quot;:[{&quot;jet_parallax_layout_image&quot;:{&quot;url&quot;:&quot;&quot;,&quot;id&quot;:&quot;&quot;,&quot;size&quot;:&quot;&quot;},&quot;_id&quot;:&quot;e481569&quot;,&quot;jet_parallax_layout_speed&quot;:{&quot;unit&quot;:&quot;%&quot;,&quot;size&quot;:&quot;50&quot;,&quot;sizes&quot;:[]},&quot;jet_parallax_layout_bg_x&quot;:&quot;50&quot;,&quot;jet_parallax_layout_bg_y&quot;:&quot;50&quot;,&quot;jet_parallax_layout_image_tablet&quot;:{&quot;url&quot;:&quot;&quot;,&quot;id&quot;:&quot;&quot;,&quot;size&quot;:&quot;&quot;},&quot;jet_parallax_layout_image_mobile&quot;:{&quot;url&quot;:&quot;&quot;,&quot;id&quot;:&quot;&quot;,&quot;size&quot;:&quot;&quot;},&quot;jet_parallax_layout_type&quot;:&quot;scroll&quot;,&quot;jet_parallax_layout_direction&quot;:&quot;1&quot;,&quot;jet_parallax_layout_fx_direction&quot;:null,&quot;jet_parallax_layout_z_index&quot;:&quot;&quot;,&quot;jet_parallax_layout_bg_x_tablet&quot;:&quot;&quot;,&quot;jet_parallax_layout_bg_x_mobile&quot;:&quot;&quot;,&quot;jet_parallax_layout_bg_y_tablet&quot;:&quot;&quot;,&quot;jet_parallax_layout_bg_y_mobile&quot;:&quot;&quot;,&quot;jet_parallax_layout_bg_size&quot;:&quot;auto&quot;,&quot;jet_parallax_layout_bg_size_tablet&quot;:&quot;&quot;,&quot;jet_parallax_layout_bg_size_mobile&quot;:&quot;&quot;,&quot;jet_parallax_layout_animation_prop&quot;:&quot;transform&quot;,&quot;jet_parallax_layout_on&quot;:[&quot;desktop&quot;,&quot;tablet&quot;]}]}">
						<div class="elementor-container elementor-column-gap-no">
					<div class="elementor-column elementor-col-100 elementor-top-column elementor-element elementor-element-2fc5b559" data-id="2fc5b559" data-element_type="column">
			<div class="elementor-widget-wrap elementor-element-populated">
						<div class="elementor-element elementor-element-27af076f elementor-widget elementor-widget-heading" data-id="27af076f" data-element_type="widget" data-widget_type="heading.default">
				<div class="elementor-widget-container">
					<h2 class="elementor-heading-title elementor-size-default">Impressum</h2>				</div>
				</div>
				<div class="elementor-element elementor-element-377ac0a5 elementor-widget elementor-widget-text-editor" data-id="377ac0a5" data-element_type="widget" data-widget_type="text-editor.default">
				<div class="elementor-widget-container">
									<p><strong>Proprietario e responsabile per il contenuto:<br /></strong>Mayr Daniel &amp; Co.snc<br />Zona Artigianale 25, 39039 Villabassa<br />Handy: +39 348 3547694<br /><a href="&#x6d;&#x61;&#105;l&#x74;&#x6f;&#58;in&#x66;&#x6f;&#64;m&#x61;&#x79;&#114;&#45;d&#x61;&#x6e;&#105;e&#x6c;&#x2e;&#105;&#116;">&#105;&#x6e;&#102;&#x6f;&#64;&#x6d;&#97;&#x79;&#114;&#x2d;&#100;&#x61;&#110;&#x69;&#101;&#x6c;&#46;&#x69;&#116;</a><br /><a href="https://www.mayr-daniel.it">www.mayr-daniel.it</a></p><p>Part.IVA: + Cod.Fisc.: 00739000214<br />PEC: <a href="&#109;&#x61;&#x69;l&#116;&#x6f;&#x3a;m&#97;&#x79;r&#46;&#x64;&#x61;n&#105;&#x65;l&#64;&#x70;&#x65;c&#46;&#x69;&#x74;">mayr&#46;dan&#105;&#101;&#108;&#64;&#112;&#101;&#99;&#46;&#105;&#116;</a><br />Codice destinatario:: RWDS1D5</p><p><strong>Materiale fotografico:</strong><br />Archiv Daniel Mayr, MEZ-Keramik</p><p><strong>Avviso di responsabilità:</strong><br />I marchi e le società citate su questo sito sono di proprietà del apposito titolare.<br />Nonostante l’attento controllo dei contenuti, non assumiamo nessuna responsabilità per i contenuti relativi a link esterni. Sono responsabili per il contenuto delle pagine collegate esclusivamente i gestori delle pagine stesse.</p>								</div>
				</div>
				<div class="elementor-element elementor-element-5f2ccc9 elementor-widget elementor-widget-text-editor" data-id="5f2ccc9" data-element_type="widget" data-widget_type="text-editor.default">
				<div class="elementor-widget-container">
									<p><strong>Realizzazione, Concetto &amp; Design:<br /></strong>Fuchsdesign<br />Via Dolomiti 25a, 39034 Dobbiaco<br />Alto Adige – Italia<br />Tel +39 0474 979 048<br /><a href="&#x6d;&#x61;&#x69;&#x6c;&#x74;&#x6f;&#x3a;&#x69;&#x6e;&#x66;&#x6f;&#x40;&#x66;&#x75;&#99;&#104;&#115;&#100;&#101;&#115;&#105;&#103;&#110;&#46;&#105;t">&#x69;&#x6e;&#x66;&#x6f;&#x40;&#x66;&#x75;&#x63;&#x68;&#x73;&#x64;&#x65;&#x73;&#x69;&#x67;&#x6e;&#x2e;&#x69;&#x74;</a><br /><a class="external-link-new-window" title="Opens external link in new window" href="http://www.fuchsdesign.it/" target="_blank" rel="noopener noreferrer">www.fuchsdesign.it</a></p><p><strong>Informazione obbligatoria ai sensi del Regolamento UE n. 524/2016 del Parlamento europeo e del Consiglio</strong><br />Piattaforma per la risoluzione delle controversie online dei consumatori (ODR) della Commissione europea: <br /><a href="https://ec.europa.eu/consumers/odr/" target="_blank" rel="noopener noreferrer">https://ec.europa.eu/consumers/odr/</a></p>								</div>
				</div>
					</div>
		</div>
					</div>
		</section>
				</div>

<p>Impressum Proprietario e responsabile per il contenuto:Mayr Daniel &amp; Co.sncZona Artigianale 25, 39039 VillabassaHandy: +39 348 3547694i&#110;&#x66;&#x6f;&#x40;m&#97;&#x79;&#x72;&#x2d;d&#97;&#x6e;&#x69;&#x65;l&#46;&#x69;&#x74;www.mayr-daniel.it Part.IVA: + Cod.Fisc.: 00739000214PEC: &#x6d;&#x61;&#121;r&#x2e;&#x64;&#97;ni&#x65;&#x6c;&#64;p&#x65;&#x63;&#46;&#105;tCodice destinatario:: RWDS1D5 Materiale fotografico:Archiv Daniel Mayr, MEZ-Keramik Avviso di responsabilità:I marchi e le società citate su questo sito sono di proprietà del apposito titolare.Nonostante l’attento controllo dei contenuti, non assumiamo nessuna responsabilità per [&hellip;]</p>
